2*d**3 - d**2 - d - 2. Let y(x) = -15*x**2 - 4*x - 3. Let q be y(-3). Let i be 32/14 + 36/q. Give h(i).
8
Let m(t) = -t - 12. Let c be m(-16). Let n(g) = 2*g + 3*g**2 - 2*g**2 - c - 9*g. What is n(6)?
-10
Let n(x) = -x**2 - 6*x - 5. Let j be n(-4). Let o(s) = 2*s**2 + 2*s + 2. Let f(i) = -2*i**2 - 3*i - 2. Let r(w) = j*o(w) + 2*f(w). Calculate r(-2).
10
Let v = -4 - -7. Let q be (-1)/4 + (-55)/(-44). Let l(t) = -t + 2*t - 4*t - q + 3. Give l(v).
-7
Let q(c) = c**3 - 2*c**2 - c + 3. Let p be ((-4)/3)/(64/(-144)). Give q(p).
9
Let a(h) = -5*h + 6. Let k be -14 - -4 - (-6)/3. What is a(k)?
46
Let p(d) = 2*d**2 + 4*d - 4. Let w be (1 - 8) + -6 + -6 + 17. Determine p(w).
-4
Let j(a) = -a**3 + 2*a + 1. Let h be j(-1). Suppose -5*w + 50 = -5*t, h*w = 2*w + 2*t. Let f(x) = 4 + 2 - 3 - 2 + 5*x**2 - x**3 - w*x. Determine f(4).
-3
Let j(a) = -2*a + 6. Let o be j(2). Let f(h) be the second derivative of -5*h + 0 + 1/2*h**o + 1/12*h**4 - 7/6*h**3. What is f(6)?
-5
Let m be 0 - (10 - 6 - (-18)/(-2)). Let a(q) = q**3 - 6*q**2 + 7*q. Calculate a(m).
10
Let h(f) = -f**2 + 9*f - 6. Suppose -11*z + 24 = -20. Calculate h(z).
14
Suppose 550*u + 12 = 556*u. Let n(x) be the first derivative of 1/2*x**2 + 4 + u*x. What is n(-1)?
1
Let m = -15 + 20. Suppose m - 21 = 4*u. Let a(c) = c**3 + 2*c**2 - 5*c - 3. Give a(u).
-15
Let m(b) = -b**3 + 8*b**2 - 9*b. Let h be m(4). Suppose h*v = 31*v. Let x(y) = -3 - 4 + 2*y - y**2 - 3*y. Calculate x(v).
-7
Let n = -7 + 7. Suppose -7*d + 3*d = n. Let k be (d - (-3)/(-1)) + 6. Let v(f) = f**3 - 3*f**2 + f + 3. Calculate v(k).
6
Let z(v) = -v + 4. Let b(m) = 50*m**2 + 2*m + 2. Let t be b(0). Calculate z(t).
2
Let a(s) = -s**2 + 4*s + 7. Suppose 0 = -1379*x + 1370*x + 63. Calculate a(x).
-14
Let g(u) = -9*u - 85. Let i be g(-11). Suppose d = -i + 18. Let r(a) = -a**3 + 4*a**2 + a - 2. Determine r(d).
2
Let o(u) = 5*u**2 + 6*u - 21. Let w(d) = -4*d**2 - 6*d + 19. Let x(v) = -3*o(v) - 4*w(v). Give x(-9).
14
Suppose 3*j = -1 - 17. Let z(o) = -595*o**2 + 296*o**2 - 7*o + 298*o**2 - 1. Give z(j).
5
Let u(c) = -c**2 + 4*c - 1. Let k be u(5). Let t be k + 2*1/2. Let j(a) be the first derivative of a**3/3 + 4*a**2 + 6*a - 150. What is j(t)?
-9
Let f(p) = -27*p - 28. Let n be f(-1). Let g(b) = 18*b**2 - b - 2. Give g(n).
17
Let g(o) be the third derivative of -1/6*o**3 + 0*o**5 - 14*o**2 + 0*o + 0 + 7/120*o**6 + 1/12*o**4. Calculate g(1).
8
Let l = -4167 - -4163. Let d(p) = -8*p - 2. Let n(s) = -23*s - 5. Let a(z) = 11*d(z) - 4*n(z). Determine a(l).
-18
Let x = -82 + 34. Let q be x/32*8/2. Let y(p) = -p + 6. Calculate y(q).
12
Let x(y) be the second derivative of -1/12*y**4 + 0 - 7/20*y**5 + 7*y + 1/6*y**3 - 1/2*y**2. Give x(1).
-8
Let q(k) = 1 - 1 + 2 + 1 + k. Let c be q(-7). Let i(d) = -6*d**2 - 3*d - 3 + 0*d + 5*d**2. Calculate i(c).
-7
Let l(a) be the third derivative of a**4/6 + a**3/6 + 3*a**2. Let c be (4 - (2 + 2)) + 1. Suppose -b = u - 3, -2*u + 8 = 5*b - c. Calculate l(b).
5
Let d(n) = n**2 + 8*n - 2. Let l = 1384 - 1389. What is d(l)?
-17
Suppose -2*n - 1 = 7. Let x(y) = 0*y**2 + 3*y - 3*y**2 - 3 + 10*y**3 + 1 - 52*y**3 + 41*y**3. Give x(n).
2
Let t(j) = -2*j**2 + j + 1. Let i(f) be the first derivative of -f**3/3 + 5. Let p(z) = -5*i(z) + 3*t(z). Suppose -16*m + 12*m + 20 = 0. Give p(m).
-7
Let y(a) = -a**2 + 5*a - 3. Let c(p) = -4*p**3 - p**3 - p + 12*p**3. Let i be c(1). Give y(i).
-9
Let o be 2/(-1)*(-5 + 2). Let j(h) = 7*h + 10. Let l(c) = -12*c - 19. Let f(i) = -7*j(i) - 4*l(i). Give f(o).
0
Let q(c) = -5*c**3 - 2*c**2 - c + 3. Let w be (-2 + -3)/(-40)*8. Determine q(w).
-5
Suppose -5*k - 64 = l + 26, 0 = -5*k - 4*l - 90. Let p = 22 + k. Let d(x) = x**3 - 4*x**2. Calculate d(p).
0
Let m(v) = v - 10. Let t = 252 + -247. What is m(t)?
-5
Let j(z) = -z**2 + 0 - 18*z - 7 + 16*z. Determine j(-5).
-22
Let j = 17 - 12. Let v = 6 - j. Let h(a) be the third derivative of -a**5/6 - a**4/24 + a**3/6 + 4*a**2. What is h(v)?
-10
Let a be (-132)/(-24) - (-1)/(-2). Let b(m) = 3*m - 4*m - 66 + 61. What is b(a)?
-10
Let g be -20*(-3)/6 - 4. Let f(p) = -g*p + 1 - 4*p - 2*p + 5*p. Calculate f(1).
-6
Let n(r) be the first derivative of r**4/4 - 4*r**3/3 - 7*r**2/2 + 6*r - 127. Determine n(5).
-4
Let f(q) = 2*q**2 + 3*q - 4. Let k(j) = -2*j**3 + 34*j**2 + 3*j - 54. Let v be k(17). Give f(v).
5
Let m = 12 + -9. Suppose -8 = -3*j - y, -5*y - 23 = -5*j - m. Let x(p) be the third derivative of -p**5/60 + 2*p**3/3 - 37*p**2. Determine x(j).
-5
Let w(x) = -2*x + 6. Let q(c) = -c - 13. Let y be q(-6). Suppose 0*m - 3 = m. Let f = m - y. Give w(f).
-2
Let g(y) be the first derivative of -y**3/3 - 7*y**2/2 - 3*y + 238. Calculate g(-7).
-3
Let z(q) = -q + 1. Let i be 6*(-6)/(-90)*15. Suppose i = -14*m + 8*m. Calculate z(m).
2
Let m(n) = -n**2 - 10*n + 73. Let h be m(-15). Let q(t) = 2*t**3 + 3*t**2 + 2*t - 1. Determine q(h).
-9
Let a(m) = -m**3 + 2*m**2 + 3*m - 2. Let v be a(2). Suppose -v*l - 2 - 10 = 0. Let h(r) = -5*r**3 + 2*r**3 + 4 - 4*r**2 + 2*r + 0*r**3 + 2*r**3. What is h(l)?
-11
Let k(u) be the third derivative of -1/30*u**5 - 4*u**2 + 0 - 1/3*u**3 + 0*u**4 + 0*u. Let l(q) be the first derivative of k(q). Give l(2).
-8
Let s be (78/21 + -4)*-7. Let x(h) = -59 + 2*h + 4*h - h**s + 53. Calculate x(6).
-6
Let m be -2 + 1 + (-2)/(-2) + 1. Let v be (4 - 5)*(m + 5). Let l(q) = -q**3 - 5*q**2 + 8*q + 1. Calculate l(v).
-11
Let j(l) be the third derivative of -l**5/60 - l**4/12 + 5*l**3 + 61*l**2 + 4*l. What is j(-6)?
6
Let x(w) = 2*w + 6. Let h(v) = 7. Let m(n) = 4. Let o(y) = -3*h(y) + 5*m(y). Let l(u) = -6*o(u) - x(u). Give l(1).
-2
Let f(h) = 11*h**2 - 5*h. Let u(l) = 15*l**2 - 6*l. Let x(c) = -4*f(c) + 3*u(c). Give x(-1).
-1
Let w(k) be the first derivative of -3*k**3 - 3*k**2 - 6*k + 14. Let d be w(-1). Let h(j) = 2*j + 10. Determine h(d).
-8
Suppose -2*f = -2*a + 14, 3*a = -2*f + 4*a - 10. Let n(b) = -5*b + 8*b - 2 + 6. Determine n(f).
-5
Let c(y) = 190*y + 202*y - 400*y. What is c(-1)?
8
Let k(v) = -v**2 + 3*v + 1. Let u be k(5). Let j(f) be the first derivative of -f**4/4 - 8*f**3/3 + 4*f**2 - 3*f - 12. Calculate j(u).
6
Suppose -3*u = 2*u - 3*m + 52, 5*m - 50 = 5*u. Let l = 13 + u. Let n(f) = -3*f**l + 3*f + 0 + 2*f - f**3 + 6. What is n(-4)?
2
Let u(o) = -o + 8. Let v(z) = -z + 8. Let c(f) = -5*u(f) + 6*v(f). Suppose -2*n - 2*n = 0. Calculate c(n).
8
Let i = 4 - 22. Let m = 15 + i. Let d(p) be the third derivative of p**6/120 + p**5/60 - p**4/12 + 2*p**3/3 - 6*p**2. What is d(m)?
-8
Let t(s) = -15*s - 129. Let j be t(-9). Let i(g) = 3*g - 25. Determine i(j).
-7
Let t be ((-6)/(-4))/((-2)/(-12)). Let o(p) = p**3 - 7*p**2 - 17*p - 15. Calculate o(t).
-6
Let o(f) = f**2 + 2*f - 9. Let q(c) = -c + 1. Let t(s) = o(s) + 6*q(s). What is t(3)?
-6
Let x(r) = 6*r + 1. Suppose -u + g - 12 = -4*g, 4*u = -g - 27. Suppose -4*o - 4 = 3*f, -5*f + 2*o + 3 - 53 = 0. Let d = u - f. What is x(d)?
7
Let l(u) = -9*u + 14. Let c be l(-2). Let o(p) = -32 + 2*p - c + 60. Let b(m) = m**3 + 4*m**2 - m. Let i be b(-4). Calculate o(i).
4
Suppose 5*r + 0*r - 4*h = 20, 3*h - 16 = -4*r. Let t(m) = 5 - m - 2*m + 3 + r*m. Calculate t(-8).
0
Let c be (-30)/(-105) + (-1 - (-220)/14). Suppose h + c = 11. Let v(g) = -g**2 - 3*g - 1. What is v(h)?
-5
Let f(h) = -h**3 + 11*h**2 + 4*h - 17. Let l be f(11). Suppose -18 = 30*c - l*c. Let m(i) = i**2 + 6*i + 9. Calculate m(c).
9
Let j(d) be the second derivative of 5*d**4/12 + d**3/3 - d**2/2 + 43*d. What is j(1)?
6
Suppose t + 2*p + 1 = 0, 3*t + 5*p = 2*t - 7. Let c be (-8)/t*21/(-14). Let v(m) = -m. Let r be v(c). Let w(s) = -s**2 - 3*s. Determine w(r).
-4
Let q(v) be the second derivative of 0 + 1/6*v**3 - v**2 + 4*v. Give q(0).
-2
Suppose 2*v + 1 = 2*b - 3, -v = -2*b + 7. Suppose -v = -2*h + 1. Let y(d) = 0*d + h - 8 + 2*d + 2. What is y(5)?
6
Let s(u) = -u - 5. Let y(k) = k**3 - 8*k**2 + 22. Let q be y(6). Let b = q + 44. Determine s(b).
1
Let d be 23/92 + (-268)/120 + 2. Let v(a) be the third derivative of d*a**5 - 1/12*a**4 + 5/6*a**3 - 11*a**2 + 0*a + 0. Calculate v(4).
13
Let k be (-7 - -4)/((-6)/(-10)). Let g(i) = i**2 + 10*i + 24. What is g(k)?
-1
Let h(n) = -5*n + 4. Let g be ((-28)/(-7) - 5) + (0 - 1). Let j be ((-1)/g)/((-2)/12). Determine h(j).
19
Let p(d) be the first derivative of d**4/2 + 4*d**3/3 - 2*d**2 - 6*d + 9